 -2*x**2 + 8*x - 4. What is m(3)?
2
Let j(k) = -k**3 + 6*k**2 + 2*k - 25. What is j(4)?
15
Let f(m) = 3*m**2 - 13*m + 22. What is f(2)?
8
Let z(m) = m**3 + m**2 - m - 5. Calculate z(-3).
-20
Let r(u) = 25*u - 197. What is r(8)?
3
Let w(g) = -g**3 - 11*g**2 - 14*g + 33. What is w(-9)?
-3
Let o(c) = -2*c**2 + 5*c + 16. Determine o(4).
4
Let r(k) = 29*k. Determine r(1).
29
Let v(w) = w**3 + 4*w**2 - 25*w - 108. Give v(-5).
-8
Let i(a) = -10*a + 2. What is i(-6)?
62
Let h(v) = 2*v**3 + 7*v**2 - 2*v + 4. Determine h(-4).
-4
Let u(a) = -9*a**3 + 3*a**2 - 1. What is u(2)?
-61
Let r(w) = -3*w - 13. Give r(-4).
-1
Let p(g) = -g**3 + 9*g**2 - 9*g + 21. Calculate p(8).
13
Let g(f) = f**2 + 40*f - 279. Determine g(6).
-3
Let b(d) = d**3 - 3*d**2 + 2*d + 2. What is b(2)?
2
Let g(n) = -n**2 + 13. What is g(6)?
-23
Let t(w) = -w**3 + 3*w**2 + 20*w - 14. Calculate t(-5).
86
Let k(s) = s**3 + s - 19. What is k(0)?
-19
Let x(j) = -22*j + 1. Determine x(2).
-43
Let i(c) = -85*c - 1. Give i(-1).
84
Let z(h) = h**3 - 10*h**2 - 9*h - 14. Calculate z(11).
8
Let k(m) = -m**2 + 22*m + 12. What is k(22)?
12
Let s(v) = v**3 - 7*v**2 + 6*v - 4. Give s(7).
38
Let f(d) = -5*d + 121. Determine f(19).
26
Let r(o) = o - 8. What is r(-9)?
-17
Let y(l) = 3*l + 113. What is y(-30)?
23
Let v(u) = 7*u + 15. Determine v(8).
71
Let t(d) = 3*d + 20. Determine t(4).
32
Let f(y) = 3*y**3 + 3*y**2 - 4*y + 5. What is f(-2)?
1
Let p(j) = -j**3 + 11*j**2 + 43*j - 8. Calculate p(14).
6
Let m(v) = -40*v. What is m(1)?
-40
Let o(g) = -8*g**3 - 2*g + 1. What is o(1)?
-9
Let a(i) = -i**3 + 2*i + 2. Determine a(2).
-2
Let c(v) = v**2 - 6*v - 28. Calculate c(-3).
-1
Let l(r) = -r**3 + 11*r**2 + 30*r - 54. Give l(13).
-2
Let j(m) = -m**3 + 6*m**2 + 4*m - 5. Calculate j(7).
-26
Let m(h) = -13*h - 3. Give m(-3).
36
Let o(q) = q. Calculate o(0).
0
Let t(u) = -5*u - 5. Calculate t(-2).
5
Let v(p) = p**3 + 11*p**2 + p + 21. What is v(-11)?
10
Let w(j) = 4*j**2 - 3*j - 2. Give w(-2).
20
Let m(q) = -q**3 - 13*q**2 - 14*q + 6. Give m(-12).
30
Let s(w) = w**3 - 38*w**2 + 39*w - 77. What is s(37)?
-3
Let b(j) = -j**2 - 25*j - 134. Give b(-16).
10
Let g(c) = -c**3 - 7*c**2 - c. Give g(-7).
7
Let l(x) = x**2 - 16*x - 29. Calculate l(13).
-68
Let n(c) = -6*c + 13. What is n(9)?
-41
Let x(s) = 31*s**3 + 2*s**2 - 1. Calculate x(1).
32
Let j(a) = 4*a**3 + a**2 - 3*a + 7. Determine j(3).
115
Let n(v) = v**2 - 7*v - 7. What is n(9)?
11
Let a(f) = -4*f**2 - 2*f + 3. What is a(3)?
-39
Let m(w) = -2*w + 38. Determine m(0).
38
Let g(w) = -w**3 - 18*w**2 - 30*w + 26. Give g(-16).
-6
Let l(z) = 10*z**2 - z - 2. What is l(-2)?
40
Let q(k) = 2*k**3 - 21*k**2 + 8*k + 44. What is q(10)?
24
Let h(m) = -m**2 - 13*m + 53. Calculate h(-16).
5
Let s(n) = n**3 + 4*n**2 - n + 5. Calculate s(-5).
-15
Let k(h) = h**2 + 2*h - 15. Give k(-9).
48
Let v(c) = c**3 - 5*c**2 - 2*c + 4. What is v(5)?
-6
Let x(u) = 13*u**2 + 6*u - 2. What is x(-2)?
38
Let l(n) = -n**3 - 8*n**2 - 2*n - 10. Give l(-8).
6
Let a(v) = 27*v - 2. Give a(2).
52
Let n(h) = 3*h**2 - 163*h - 102. What is n(55)?
8
Let v(g) = -5*g + 5. Give v(-10).
55
Let a(i) = -9*i + 9. Determine a(8).
-63
Let l(x) = -10*x**2 - x - 4. Determine l(-2).
-42
Let b(o) = -o**3 + 3*o**2 - o + 4. What is b(2)?
6
Let s(w) = 2*w**2 - w + 2. Calculate s(2).
8
Let u(k) = 2*k**2 + 22*k + 32. Determine u(-9).
-4
Let c(a) = a**3 - 14*a**2 + 14*a - 4. Calculate c(13).
9
Let j(h) = -2*h**2 + 67*h + 45. What is j(34)?
11
Let d(g) = g. What is d(3)?
3
Let j(p) = p**2 + 13*p + 1. Give j(-10).
-29
Let f(u) = u**3 - 7*u**2 + 2*u + 6. What is f(6)?
-18
Let w(a) = 67*a**2 - 3*a - 2. Determine w(-1).
68
Let g(y) = y**2 + 3*y + 18. Calculate g(-12).
126
Let o(x) = -14*x - 25. Determine o(-9).
101
Let i(u) = 9*u - 133. Calculate i(18).
29
Let i(x) = -x**2 + 17*x - 31. Give i(15).
-1
Let x(d) = d**3 - d**2 - d - 4. Calculate x(0).
-4
Let h(k) = 2*k - 18. What is h(-6)?
-30
Let t(s) = -s + 2. Give t(0).
2
Let c(b) = 2*b - 22. Calculate c(-9).
-40
Let f(n) = 10*n + 45. Give f(-4).
5
Let t(n) = n. Determine t(17).
17
Let n(v) = 36*v**2. Give n(-1).
36
Let x(w) = 25*w + 39. Calculate x(-6).
-111
Let l(j) = j**2 + 8*j - 24. What is l(-10)?
-4
Let k(j) = -6*j + 7. Calculate k(6).
-29
Let q(f) = f - 6. What is q(-3)?
-9
Let z(i) = i**2 - 6*i + 10. Calculate z(6).
10
Let u(n) = -7*n**3 + 5*n**2 - 3*n + 1. Determine u(2).
-41
Let k(f) = -f**2 - 6*f - 9. Calculate k(-6).
-9
Let v(g) = 2*g**3 - 17*g**2 - 31*g - 3. What is v(10)?
-13
Let g(y) = -y - 10. What is g(-11)?
1
Let r(n) = -5*n + 11. Give r(4).
-9
Let q(m) = -m**3 - 11*m**2 - 6. What is q(-11)?
-6
Let p(r) = -r**3 + 12*r**2 - 4*r + 26. Calculate p(12).
-22
Let b(f) = -2*f**3 + 5*f**2 + 3*f - 2. Calculate b(4).
-38
Let m(r) = -2*r**3 + 17*r**2 + 10*r - 6. Calculate m(9).
3
Let w(v) = 2*v - 49. Give w(21).
-7
Let m(u) = 4*u**2 - u - 5. What is m(4)?
55
Let j(d) = 4*d**2 - 2*d - 1. Calculate j(2).
11
Let a(b) = b**3 + 6*b**2 - 5*b + 3. What is a(-7)?
-11
Let x(l) = -2*l**2 - 27*l + 8. Determine x(-14).
-6
Let z(r) = -r**2 + 21*r - 111. Calculate z(11).
-1
Let g(k) = k**2 - 24*k - 21. Calculate g(19).
-116
Let i(h) = 2*h**2 - 28*h + 20. Give i(13).
-6
Let w(v) = -v**3 + 6*v**2 - 1. Determine w(6).
-1
Let u(l) = -9*l + 3. Determine u(5).
-42
Let m(p) = -2*p**3 + 4*p**2 + 2*p - 4. What is m(3)?
-16
Let f(n) = -n**3 + 7*n**2 - 12. Give f(7).
-12
Let g(x) = -5*x**2 + 1. Give g(1).
-4
Let s(g) = 5*g - 105. Calculate s(23).
10
Let o(x) = -x**3 - 6*x**2 + x + 19. Calculate o(-6).
13
Let u(b) = -3*b - 2. What is u(-15)?
43
Let m(p) = -2*p**2 + 23*p - 16. Calculate m(10).
14
Let v(o) = -o**3 - 2*o**2 + 2. Determine v(-1).
1
Let s(x) = -4*x**2 - 41*x - 13. Calculate s(-10).
-3
Let m(t) = 78*t + 241. Give m(-3).
7
Let b(l) = 45*l + 216. Calculate b(-5).
-9
Let b(v) = v**2 - 6*v - 13. Give b(9).
14
Let a(o) = -2*o**2 + 44*o + 2. Calculate a(22).
2
Let k(v) = v**2 + 24*v - 54. Give k(-26).
-2
Let d(p) = 2*p**3 + 6*p**2 - 6*p + 5. Determine d(-5).
-65
Let n(c) = 3*c + 31. What is n(8)?
55
Let n(i) = -i**3 - 3*i - 14. Determine n(-2).
0
Let q(b) = b**2 - 3*b - 33. Calculate q(-4).
-5
Let h(v) = v**3 - 63*v**2 - 66*v + 115. Calculate h(64).
-13
Let l(b) = -b**2 - 7*b + 1. Give l(-7).
1
Let a(y) = 2*y**3 - 12*y**2 + 14*y - 8. Determine a(5).
12
Let h(z) = 3*z**2 - 38*z + 115. What is h(6)?
-5
Let b(y) = 3*y**3 + y**2 + y - 2. Give b(1).
3
Let s(f) = f**2 + 6*f - 13. What is s(-11)?
42
Let c(h) = 12*h. Determine c(2).
24
Let w(g) = -8*g - 87. What is w(-13)?
17
Let c(u) = 23*u**3 + 2*u**2 - u. Calculate c(1).
24
Let q(h) = -h**3 - 4*h**2 - 6*h - 22. Determine q(-4).
2
Let s(a) = 2*a - 22. What is s(7)?
-8
Let n(f) = -33*f**3 - 4*f - 3. Give n(-1).
34
Let m(i) = -2*i - 58. What is m(-21)?
-16
Let c(j) = j + 1. Give c(-9).
-8
Let j(p) = p**3 + 11*p**2 - 13*p - 19. Calculate j(-12).
-7
Let b(j) = 39*j + 1957. Calculate b(-50).
7
Let l(j) = -j**3 - 8*j**2 - 5*j + 29. What is l(-7)?
15
Let z(h) = -3*h**3 - 19*h**2 - 6*h. Give z(-6).
0
Let t(d) = d**3 - 39*d**2 + 350*d - 2. What is t(25)?
-2
Let i(t) = 2*t**3 + 29*t**2 + 36*t - 38. Give i(-13).
1
Let v(a) = -4*a**2 + 8*a + 4. Calculate v(4).
-28
Let t(x) = 80*x - 1. Calculate t(-1).
-81
Let t(y) = 30*y + 656. Determine t(-22).
-4
Let p(v) = -3*v**2 - v - 2. Give p(-5).
-72
Let h(r) = -3*r**2 + 5*r - 5. What is h(4)?
-33
Let x(z) = -z**3 - 4*z**2 + 20*z - 6. Give x(-7).
1
Let j(n) = -n**2 + 12*n - 5. Determine j(10).
15
Let i(l) = -l**3 - 25*l**2 + 2*l - 15. Calculate i(-25).
-65
Let o(b) = b**3 - 19*b**2 + 34*b - 8. Determine o(17).
-8
Let l(z) = -3*z. Give l(15).
-45
Let y(n) = -2*n**3 + 13*n**2 + 3*n + 8. Give y(7).
-20
Let l(j) = j**2 - 27*j + 42. What is l(25)?
-8
Let a(f) = 6*f - 2. What is a(-4)?
-26
Let c(z) = 3*z + 20. Determine c(-7).
-1
Let r(c) = 7*c - 8. Give r(5).
27
Let p(k) = k**3 + k**2 + 4*k + 20. What is p(-4)?
-44
Let v(g) = -13*g + 2. What is v(1)?
-11
Let u(p) = -p**3 - 14*p**2 - 13*p + 3. Calculate u(-13).
3
Let j(z) = 4*z**2 - 4*z + 4. What is j(3)?
28
Let l(k) = -2*k**2 + 19*k - 36. What is l(2)?
-6
Let m(k) = -k**3 - 5*k**2 - 4*k + 2. Calculate m(-4).
2
Let n(p) = 2*p**3 + 4*p**2 - 11*p - 29. Calculate n(-4).
-49
Let n(r) = -17*r**2 + 2*r + 1. Determine n(-1).
-18
Let v(y) = -y - 3. Calculate v(15).
-18
Let d(b) =